 - 2. Determine h(0).
-2
Let m(f) = -4*f**2 - 138*f - 210. Calculate m(-33).
-12
Let n(w) = 13*w - 359. Calculate n(29).
18
Let c(w) = -w**2 - 131*w + 17498. Calculate c(-213).
32
Let l(m) = 4*m**3 + 12*m**2 + 4*m + 6. Calculate l(-3).
-6
Let j(q) = -241*q - 738. What is j(-3)?
-15
Let y(x) = -x**3 - 14*x**2 - 344*x - 5378. What is y(-15)?
7
Let w(z) = 29*z + 1095. Determine w(-37).
22
Let j(l) = 40*l + 494. Give j(-13).
-26
Let z(u) = 89*u + 424. Determine z(-6).
-110
Let l(h) = -h**2 + 8*h + 19. Determine l(20).
-221
Let p(r) = -2*r**3 - 37*r**2 + 104*r - 41. What is p(-21)?
-20
Let o(n) = n**2 - 24*n - 6100. What is o(91)?
-3
Let z(t) = -17*t**2 + 60*t - 9. Give z(4).
-41
Let q(c) = c**3 - 70*c**2 + 3*c - 146. What is q(70)?
64
Let w(u) = 70*u + 333. Determine w(-6).
-87
Let r(g) = -g**3 - 10*g**2 - 31*g - 65. Determine r(-6).
-23
Let m(w) = 3*w**2 - 16*w - 282. Determine m(17).
313
Let j(u) = 41*u + 1049. Determine j(-26).
-17
Let i(y) = y**3 - 37*y**2 - 361*y + 112. Determine i(45).
67
Let k(p) = -p**3 - 80*p**2 - 160*p - 103. What is k(-78)?
209
Let h(i) = -i**2 + 81*i - 926. Calculate h(14).
12
Let l(v) = -v**2 + 488*v + 2470. Give l(-5).
5
Let w(m) = -6*m**2 + 1522*m - 4020. Give w(251).
-4
Let n(f) = f**3 - 23*f**2 - 10*f + 227. What is n(23)?
-3
Let p(l) = 5792*l + 86873. What is p(-15)?
-7
Let f(z) = -z**3 + 23*z**2 - 28*z + 59. Calculate f(22).
-73
Let k(s) = -s**2 + 102*s + 1069. Give k(-11).
-174
Let p(k) = -36*k**3 - 139*k**2 + 13*k - 31. Calculate p(-4).
-3
Let m(k) = -25*k + 25. Determine m(-5).
150
Let w(b) = -109*b**2 + 650*b + 36. Give w(6).
12
Let p(t) = -181*t - 2360. Calculate p(-13).
-7
Let v(w) = -5*w**2 + 3*w + 50. Calculate v(4).
-18
Let q(y) = 4432*y + 31003. Calculate q(-7).
-21
Let a(s) = -s**2 - 40*s - 402. Determine a(-23).
-11
Let o(m) = -2*m**3 + 57*m**2 - 32*m + 166. Calculate o(28).
54
Let s(k) = -11*k - 200. What is s(-11)?
-79
Let s(q) = 3*q**2 + 7. What is s(3)?
34
Let b(i) = -66*i - 345. Calculate b(-7).
117
Let n(s) = -2*s**2 - 79*s - 335. Give n(-35).
-20
Let k(j) = -5*j**2 + 11*j - 1. What is k(4)?
-37
Let m(r) = r**3 - 21*r**2 + 65*r - 56. What is m(18)?
142
Let b(r) = r**2 + 584*r + 5773. Determine b(-10).
33
Let d(l) = 379*l - 7182. Calculate d(19).
19
Let y(i) = -2*i**2 + 22*i - 6. Give y(16).
-166
Let c(v) = -4*v**2 + 181. Give c(-7).
-15
Let h(q) = 52*q**3 + 3*q**2 + 7*q - 8. Determine h(1).
54
Let m(c) = 56*c**2 + 651. What is m(0)?
651
Let z(p) = p**2 - 71*p + 778. Calculate z(13).
24
Let o(u) = u**3 + 78*u**2 - 415*u + 5. Calculate o(-83).
5
Let v(h) = -h**3 - 9*h**2 + 13*h + 23. Determine v(-9).
-94
Let r(w) = -10333*w + 103338. Give r(10).
8
Let k(i) = 222*i**3 - 12*i**2 - 14*i - 3. What is k(-1)?
-223
Let n(g) = 929*g + 3725. Give n(-4).
9
Let c(v) = -12*v**3 + 8*v**2 - 5*v + 1. Determine c(-3).
412
Let d(p) = -160*p - 17770. Determine d(-111).
-10
Let a(z) = -106*z**3 + 4*z**2 + z. What is a(1)?
-101
Let r(m) = -m**3 - 6*m**2 - 3*m - 33. Give r(-6).
-15
Let h(j) = -1643*j - 461679. Give h(-281).
4
Let c(f) = 19*f**2 - 38*f - 73. Calculate c(-2).
79
Let a(q) = -4*q**2 - 9*q - 9. What is a(-3)?
-18
Let j(z) = -326*z - 25425. Determine j(-78).
3
Let c(z) = 4*z**2 - 729*z - 2183. Give c(-3).
40
Let x(n) = 43*n + 8163. Calculate x(-190).
-7
Let c(x) = -330*x - 2610. Determine c(-8).
30
Let k(b) = -2*b**2 - 42*b - 170. What is k(-21)?
-170
Let w(j) = 6*j**3 + 143*j**2 - 20*j + 65. Determine w(-24).
-31
Let u(j) = 364*j - 45118. Determine u(124).
18
Let b(y) = y**3 + 94*y**2 - 328*y + 112. Determine b(3).
1
Let s(i) = 2*i + 104. Calculate s(79).
262
Let t(x) = -x**3 - 10*x**2 + 4*x + 7. Calculate t(-6).
-161
Let a(s) = -s**2 - 686*s - 4083. What is a(-6)?
-3
Let d(f) = -f**2 + 17*f + 148. Determine d(24).
-20
Let m(c) = 3*c**2 - 11*c + 35. Give m(8).
139
Let q(o) = 17*o - 1186. Determine q(66).
-64
Let p(f) = 40*f - 295. What is p(8)?
25
Let v(z) = -30*z + 3988. Give v(131).
58
Let a(k) = k**3 - 15*k**2 - 17*k + 31. What is a(16)?
15
Let s(a) = -16*a**2 - 7*a + 10. Calculate s(1).
-13
Let b(i) = -4*i**3 - 15*i**2 + 15*i + 22. Calculate b(-4).
-22
Let n(z) = -z**2 + 9*z + 507. Calculate n(-16).
107
Let o(g) = -g**3 - 4*g**2 + 68*g + 14. Calculate o(7).
-49
Let w(j) = j**2 - 98*j - 30718. Give w(231).
5
Let w(n) = -2*n - 128. What is w(-2)?
-124
Let n(p) = 896*p + 922. Give n(-1).
26
Let l(a) = -9*a**3 - 31*a**2 - 11*a + 5. Give l(-3).
2
Let j(y) = 257*y - 2439. Calculate j(8).
-383
Let m(z) = 6*z - 296. Calculate m(46).
-20
Let k(x) = 66*x - 669. Give k(10).
-9
Let p(v) = -v**3 + 4*v**2 + v - 7. Determine p(2).
3
Let i(z) = 127*z + 14594. Calculate i(-115).
-11
Let i(k) = -2*k**2 + 8*k - 12. What is i(3)?
-6
Let x(y) = y**3 - y**2 - 61*y - 167. Calculate x(-4).
-3
Let f(i) = i**3 - 17*i**2 - 66*i - 49. Determine f(-2).
7
Let c(t) = 18*t + 2000. What is c(-113)?
-34
Let x(w) = -w**3 - 13*w**2 + 6*w - 253. Calculate x(-15).
107
Let k(w) = 5*w**2 + 55*w - 21. What is k(-10)?
-71
Let g(i) = -i**3 - 42*i**2 - 92*i + 129. Determine g(-40).
609
Let z(o) = -o**2 - 181*o - 4300. Determine z(-28).
-16
Let w(a) = -3*a**2 + 3*a + 4. Calculate w(-4).
-56
Let h(v) = -463*v + 236. Determine h(0).
236
Let i(p) = 162*p + 3. Give i(0).
3
Let i(c) = -2*c**2 - 53*c - 231. What is i(-4)?
-51
Let i(r) = 1830*r + 10963. Calculate i(-6).
-17
Let v(j) = 6*j**2 + 109*j - 4. Calculate v(-17).
-123
Let b(h) = 2334*h + 18641. What is b(-8)?
-31
Let v(n) = -n**2 - 46*n - 310. Determine v(-8).
-6
Let z(p) = -7*p**3 - 21*p**2 + p + 3. Give z(-2).
-27
Let v(j) = -499*j**2 - 6988*j - 35. Determine v(-14).
-7
Let c(r) = 146*r + 32418. Give c(-222).
6
Let a(h) = 4*h**2 - 30*h + 38. Calculate a(14).
402
Let j(r) = -446*r + 10692. Calculate j(24).
-12
Let p(i) = -86*i**3 - 28*i**2 + 26*i + 4. Give p(1).
-84
Let j(a) = -15*a**2 - 406*a - 20. Give j(-27).
7
Let i(s) = -s**2 - 97*s + 497. Calculate i(5).
-13
Let l(h) = h**3 - 11*h**2 - 76*h + 825. Determine l(11).
-11
Let u(d) = d**2 + 30*d - 1. Give u(5).
174
Let t(h) = h**3 - 5*h**2 - 501*h + 60. What is t(25)?
35
Let n(h) = 2*h**3 + 5*h**2 - 65*h - 13. What is n(-7)?
1
Let n(u) = 2*u - 92. Give n(18).
-56
Let z(p) = 2*p**2 + 7*p - 76. What is z(6)?
38
Let n(l) = 7*l**2 - 168*l + 12. What is n(24)?
12
Let v(x) = -95*x + 618. Give v(7).
-47
Let y(s) = -s**2 + 337*s + 4568. What is y(-13)?
18
Let n(t) = t**2 + 5*t - 7. Determine n(-9).
29
Let a(v) = 3*v**2 + 8*v + 11. What is a(-1)?
6
Let v(s) = 20*s - 861. Calculate v(55).
239
Let m(a) = -9*a**2 + 21*a + 16. Determine m(3).
-2
Let h(i) = -i**3 - 9*i**2 - 53*i - 275. Give h(-7).
-2
Let w(d) = -d**2 - 32*d - 124. What is w(-23)?
83
Let m(s) = 5005*s + 90096. Give m(-18).
6
Let w(a) = a**3 - 5*a**2 - 112*a + 710. Calculate w(6).
74
Let x(d) = 131*d - 19506. Determine x(149).
13
Let t(j) = -312*j + 3003. What is t(10)?
-117
Let b(q) = -74*q + 6437. Calculate b(87).
-1
Let o(s) = s**3 + 20*s**2 - 10*s - 531. Calculate o(-19).
20
Let j(h) = -17*h - 677. What is j(-41)?
20
Let o(j) = -57*j + 16. What is o(4)?
-212
Let o(j) = -16*j + 182. Calculate o(13).
-26
Let o(c) = c**2 - 54*c + 651. Give o(34).
-29
Let m(n) = 153*n + 641. Give m(-5).
-124
Let i(x) = -810*x - 28330. Calculate i(-35).
20
Let x(l) = -l**2 + 136*l - 4422. Determine x(82).
6
Let h(u) = -5*u**2 - 2*u - 43. Calculate h(-8).
-347
Let b(h) = -479*h**2 + 1915*h + 8. Give b(4).
4
Let t(r) = -r**3 - 41*r**2 - 364*r - 52. Determine t(-28).
-52
Let p(i) = i**3 + 113*i**2 - 111*i + 343. Give p(-114).
1
Let p(y) = -2*y**2 + 424*y + 2620. Determine p(-6).
4
Let o(w) = -w**3 - 2*w**2 + 652*w + 1301. What is o(-2)?
-3
Let z(m) = 129*m - 1915. Calculate z(19).
536
Let s(b) = b**3 - 32*b**2 - 224*b - 119. Determine s(38).
33
Let w(k) = -k**3 + 36*k - 48. Calculate w(5).
7
Let w(n) = -58*n - 2973. Calculate w(-40).
-653
Let w(m) = m**3 - 34*m**2 + 30*m + 166. Determine w(33).
67
Let d(p) = 234*p + 1880. Determine d(-8).
8
Let v(o) = -712*o + 13. Determine v(0).
13
Let a(r) = 3*r**3 - 23*r**2 + 27*r + 23. Determine a(6).
5
Let z(n) = 83*n**3 + 4*n + 3. What is z(-1)?
-84
Let c(z) = -41*z + 132. Give c(3).
9
Let v(c) = -4*c**3 - 52*c**2 + 120*c + 11. What is v(-15)?
11
Let k(i) = i**3 + 28*i**2 + 54*i - 19. What is k(-26)?
-71
Let c(i) = -17*i + 30. Determine c(10).
-140
Let u(m) = 2*m**3 